{"id":219,"date":"2020-04-26T00:03:26","date_gmt":"2020-04-26T00:03:26","guid":{"rendered":"https:\/\/albertomoreno.net\/?page_id=219"},"modified":"2020-04-26T11:15:20","modified_gmt":"2020-04-26T11:15:20","slug":"rocijuanfran","status":"publish","type":"page","link":"https:\/\/albertomoreno.net\/index.php\/rocijuanfran\/","title":{"rendered":"RociJuanFran"},"content":{"rendered":"<div style=\"background: url('https:\/\/albertomoreno.net\/wp-content\/uploads\/RociJuanFran\/MontajeEntrada2-scaled.jpg'); background-repeat: no-repeat; background-size: cover;\">\n<p>&nbsp;<\/p>\n<div style=\"display: table; margin-left: auto; margin-right: auto; width: 100%;\">\n<div style=\"float: left; width: 25%;\"><img decoding=\"async\" class=\"aligncenter\" src=\"https:\/\/albertomoreno.net\/wp-content\/uploads\/RociJuanFran\/IMG-20180912-WA0002.jpg\" alt=\"\" width=\"90%\" height=\"90%\" \/><\/div>\n<div style=\"float: left; width: 45%;\"><img decoding=\"async\" class=\"aligncenter\" src=\"https:\/\/albertomoreno.net\/wp-content\/uploads\/RociJuanFran\/img_enlace.png\" alt=\"\" width=\"100%\" height=\"100%\" \/><\/div>\n<div style=\"float: left; width: 25%;\"><img decoding=\"async\" class=\"aligncenter\" src=\"https:\/\/albertomoreno.net\/wp-content\/uploads\/RociJuanFran\/IMG-20180912-WA0001.jpg\" alt=\"\" width=\"90%\" height=\"90%\" \/><\/div>\n<\/div>\n<h3><span style=\"text-decoration: underline;\"><strong><span style=\"color: #000000; text-decoration: underline;\">Playlist para ver todos los v\u00eddeos:<\/span><\/strong><\/span><\/h3>\n<div style=\"text-align: center;\">\n<p><iframe title=\"Boda Roci y JuanFran\" width=\"960\" height=\"540\" src=\"https:\/\/www.youtube.com\/embed\/videoseries?list=PL9jXUPp689Iyxfdon1-NN4yP6eMno-OvU\" frameborder=\"0\" allow=\"accelerometer; autoplay; encrypted-media; gyroscope; picture-in-picture\" allowfullscreen><\/iframe><\/p>\n<\/div>\n<h3><span style=\"text-decoration: underline; color: #000000;\"><b style=\"color: #000000; text-decoration-line: underline;\">Elije el <\/b><span style=\"color: #000000;\"><b><u>v\u00eddeo<\/u><\/b><\/span><b style=\"color: #000000; text-decoration-line: underline;\"> que quieres ver, haz click en el y si quieres verlo a pantalla completa usa los controles de la l\u00ednea inferior del v\u00eddeo:<\/b><\/span><\/h3>\n<div style=\"display: table; margin-left: auto; margin-right: auto; width: 100%;\">\n<div style=\"float: left; width: 100%; text-align: center;\"><span style=\"color: #000000; font-size: 18pt;\"><strong>Entrada de los novios<\/strong><\/span><\/div>\n<div style=\"float: left; width: 45%; text-align: center;\"><iframe src=\"\/\/www.youtube.com\/embed\/c5dagTkOzKo\" width=\"100%\" height=\"100%\" allowfullscreen=\"allowfullscreen\"><\/iframe><\/div>\n<div style=\"float: left; width: 45%; text-align: center;\"><iframe src=\"\/\/www.youtube.com\/embed\/Jg50v7qatKI\" width=\"100%\" height=\"100%\" allowfullscreen=\"allowfullscreen\"><\/iframe><\/div>\n<div style=\"float: left; width: 100%; text-align: center;\"><span style=\"color: #000000; font-size: 18pt;\"><strong>Inicio de ceremonia<\/strong><\/span><\/div>\n<div style=\"float: left; width: 23%; text-align: center;\"><iframe src=\"\/\/www.youtube.com\/embed\/V3doPPPvH_M\" width=\"100%\" height=\"100%\" allowfullscreen=\"allowfullscreen\"><\/iframe><\/div>\n<div style=\"float: left; width: 23%; text-align: center;\"><iframe src=\"\/\/www.youtube.com\/embed\/6UDdFFCSs9c\" width=\"100%\" height=\"100%\" allowfullscreen=\"allowfullscreen\"><\/iframe><\/div>\n<div style=\"float: left; width: 23%; text-align: center;\"><iframe src=\"\/\/www.youtube.com\/embed\/9UpoGRQh4u0\" width=\"100%\" height=\"100%\" allowfullscreen=\"allowfullscreen\"><\/iframe><\/div>\n<div style=\"float: left; width: 23%; text-align: center;\"><iframe src=\"\/\/www.youtube.com\/embed\/X2Qr6Ja8Tsc\" width=\"100%\" height=\"100%\" allowfullscreen=\"allowfullscreen\"><\/iframe><\/div>\n<div style=\"float: left; width: 100%; text-align: center;\"><span style=\"color: #000000; font-size: 14pt;\"><strong>El \u00abS\u00cd QUIERO\u00bb<\/strong><\/span><\/div>\n<div style=\"float: left; width: 100%; text-align: center;\"><iframe src=\"\/\/www.youtube.com\/embed\/KBXCmVY8DbA\" width=\"100%\" height=\"100%\" allowfullscreen=\"allowfullscreen\"><\/iframe><\/div>\n<div style=\"float: left; width: 100%; text-align: center;\"><span style=\"color: #000000; font-size: 18pt;\"><strong>Final de ceremonia<\/strong><\/span><\/div>\n<div style=\"float: left; width: 19%; text-align: center;\"><iframe src=\"\/\/www.youtube.com\/embed\/h24qSbTI9AI\" width=\"100%\" height=\"100%\" allowfullscreen=\"allowfullscreen\"><\/iframe><\/div>\n<div style=\"float: left; width: 19%; text-align: center;\"><iframe src=\"\/\/www.youtube.com\/embed\/35839jxI-aQ\" width=\"100%\" height=\"100%\" allowfullscreen=\"allowfullscreen\"><\/iframe><\/div>\n<div style=\"float: left; width: 19%; text-align: center;\"><iframe src=\"\/\/www.youtube.com\/embed\/89X8IruibyU\" width=\"100%\" height=\"100%\" allowfullscreen=\"allowfullscreen\"><\/iframe><\/div>\n<div style=\"float: left; width: 19%; text-align: center;\"><iframe src=\"\/\/www.youtube.com\/embed\/fLeWNxBkbb0\" width=\"100%\" height=\"100%\" allowfullscreen=\"allowfullscreen\"><\/iframe><\/div>\n<div style=\"float: left; width: 19%; text-align: center;\"><iframe src=\"\/\/www.youtube.com\/embed\/z5JFP9XTvtE\" width=\"100%\" height=\"100%\" allowfullscreen=\"allowfullscreen\"><\/iframe><\/div>\n<div style=\"float: left; width: 100%; text-align: center;\"><span style=\"color: #000000; font-size: 18pt;\"><strong>El convite<\/strong><\/span><\/div>\n<div style=\"float: left; width: 23%; text-align: center;\"><iframe src=\"\/\/www.youtube.com\/embed\/by5dK8HZRBA\" width=\"100%\" height=\"100%\" allowfullscreen=\"allowfullscreen\"><\/iframe><\/div>\n<div style=\"float: left; width: 23%; text-align: center;\"><iframe src=\"\/\/www.youtube.com\/embed\/zpMLdWU5K3U\" width=\"100%\" height=\"100%\" allowfullscreen=\"allowfullscreen\"><\/iframe><\/div>\n<div style=\"float: left; width: 23%; text-align: center;\"><iframe src=\"\/\/www.youtube.com\/embed\/oRL-Hub-Fk4\" width=\"100%\" height=\"100%\" allowfullscreen=\"allowfullscreen\"><\/iframe><\/div>\n<div style=\"float: left; width: 23%; text-align: center;\"><iframe src=\"\/\/www.youtube.com\/embed\/KvPpwhGj1xg\" width=\"100%\" height=\"100%\" allowfullscreen=\"allowfullscreen\"><span data-mce-type=\"bookmark\" style=\"display: inline-block; width: 0px; overflow: hidden; line-height: 0;\" class=\"mce_SELRES_start\">\ufeff<\/span><\/iframe><\/div>\n<\/div>\n<p><img decoding=\"async\" class=\"aligncenter\" src=\"https:\/\/albertomoreno.net\/wp-content\/uploads\/RociJuanFran\/Vivanlosnovios.jpg\" alt=\"\" width=\"50%\" height=\"50%\" \/><\/p>\n<\/div>\n","protected":false},"excerpt":{"rendered":"<p>&nbsp; Playlist para ver todos los v\u00eddeos: Elije el v\u00eddeo que quieres ver, haz click en el y si quieres verlo a pantalla completa usa los controles de la l\u00ednea inferior del v\u00eddeo: Entrada de los novios Inicio de ceremonia El \u00abS\u00cd QUIERO\u00bb Final de ceremonia El convite \ufeff<\/p>\n","protected":false},"author":1,"featured_media":0,"parent":0,"menu_order":0,"comment_status":"closed","ping_status":"closed","template":"","meta":{"footnotes":""},"class_list":["post-219","page","type-page","status-publish","hentry"],"acf":[],"_links":{"self":[{"href":"https:\/\/albertomoreno.net\/index.php\/wp-json\/wp\/v2\/pages\/219","targetHints":{"allow":["GET"]}}],"collection":[{"href":"https:\/\/albertomoreno.net\/index.php\/wp-json\/wp\/v2\/pages"}],"about":[{"href":"https:\/\/albertomoreno.net\/index.php\/wp-json\/wp\/v2\/types\/page"}],"author":[{"embeddable":true,"href":"https:\/\/albertomoreno.net\/index.php\/wp-json\/wp\/v2\/users\/1"}],"replies":[{"embeddable":true,"href":"https:\/\/albertomoreno.net\/index.php\/wp-json\/wp\/v2\/comments?post=219"}],"version-history":[{"count":19,"href":"https:\/\/albertomoreno.net\/index.php\/wp-json\/wp\/v2\/pages\/219\/revisions"}],"predecessor-version":[{"id":243,"href":"https:\/\/albertomoreno.net\/index.php\/wp-json\/wp\/v2\/pages\/219\/revisions\/243"}],"wp:attachment":[{"href":"https:\/\/albertomoreno.net\/index.php\/wp-json\/wp\/v2\/media?parent=219"}],"curies":[{"name":"wp","href":"https:\/\/api.w.org\/{rel}","templated":true}]}}